
	{"id":16496,"date":"2021-01-24T17:55:34","date_gmt":"2021-01-24T19:55:34","guid":{"rendered":"http:\/\/ecursos.treinaonline.com\/produto\/curso-de-alongamento-de-cilios\/"},"modified":"2024-09-08T10:47:50","modified_gmt":"2024-09-08T13:47:50","slug":"curso-de-alongamento-de-cilios","status":"publish","type":"product","link":"https:\/\/ecursos.showdepremiosbendicasa.com.br\/?product=curso-de-alongamento-de-cilios","title":{"rendered":"Curso de Alongamento de C\u00edlios"},"content":{"rendered":"<p>Explica Alongamento de C\u00edlios &#8211; Coloca\u00e7\u00e3o de C\u00edlios Posti\u00e7os, Alongamento de C\u00edlios &#8211; C\u00edlios em Tufinhos e T\u00e9cnicas de Alongamento de C\u00edlios &#8211; T\u00e9cnica Fio a Fio.<\/p>\n<p>Sobre a carga hor\u00e1ria:<br \/>\nO curso possui 2 horas de carga hor\u00e1ria.<\/p>\n","protected":false},"excerpt":{"rendered":"<p>Explica Alongamento de C\u00edlios &#8211; Coloca\u00e7\u00e3o de C\u00edlios Posti\u00e7os, Alongamento de C\u00edlios &#8211; C\u00edlios em Tufinhos e T\u00e9cnicas de Alongamento de C\u00edlios &#8211; T\u00e9cnica Fio a Fio. Sobre a carga hor\u00e1ria: O curso possui 2 horas de carga hor\u00e1ria.<\/p>\n","protected":false},"featured_media":0,"comment_status":"open","ping_status":"closed","template":"","meta":[],"product_cat":[217],"product_tag":[],"class_list":{"0":"post-16496","1":"product","2":"type-product","3":"status-publish","5":"product_cat-estetica-e-beleza","6":"post","8":"first","9":"instock","10":"virtual","11":"sold-individually","12":"product-type-simple"},"_links":{"self":[{"href":"https:\/\/ecursos.showdepremiosbendicasa.com.br\/index.php?rest_route=\/wp\/v2\/product\/16496"}],"collection":[{"href":"https:\/\/ecursos.showdepremiosbendicasa.com.br\/index.php?rest_route=\/wp\/v2\/product"}],"about":[{"href":"https:\/\/ecursos.showdepremiosbendicasa.com.br\/index.php?rest_route=\/wp\/v2\/types\/product"}],"replies":[{"embeddable":true,"href":"https:\/\/ecursos.showdepremiosbendicasa.com.br\/index.php?rest_route=%2Fwp%2Fv2%2Fcomments&post=16496"}],"version-history":[{"count":0,"href":"https:\/\/ecursos.showdepremiosbendicasa.com.br\/index.php?rest_route=\/wp\/v2\/product\/16496\/revisions"}],"wp:attachment":[{"href":"https:\/\/ecursos.showdepremiosbendicasa.com.br\/index.php?rest_route=%2Fwp%2Fv2%2Fmedia&parent=16496"}],"wp:term":[{"taxonomy":"product_cat","embeddable":true,"href":"https:\/\/ecursos.showdepremiosbendicasa.com.br\/index.php?rest_route=%2Fwp%2Fv2%2Fproduct_cat&post=16496"},{"taxonomy":"product_tag","embeddable":true,"href":"https:\/\/ecursos.showdepremiosbendicasa.com.br\/index.php?rest_route=%2Fwp%2Fv2%2Fproduct_tag&post=16496"}],"curies":[{"name":"wp","href":"https:\/\/api.w.org\/{rel}","templated":true}]}}