
	{"id":16516,"date":"2021-01-24T17:55:54","date_gmt":"2021-01-24T19:55:54","guid":{"rendered":"http:\/\/ecursos.treinaonline.com\/produto\/curso-de-assistencia-de-enfermagem-ao-paciente-com-hiv\/"},"modified":"2021-01-24T17:55:54","modified_gmt":"2021-01-24T19:55:54","slug":"curso-de-assistencia-de-enfermagem-ao-paciente-com-hiv","status":"publish","type":"product","link":"https:\/\/ecursos.showdepremiosbendicasa.com.br\/?product=curso-de-assistencia-de-enfermagem-ao-paciente-com-hiv","title":{"rendered":"Curso de Assist\u00eancia de Enfermagem ao Paciente com HIV"},"content":{"rendered":"<p>Voc\u00ea aprende sobre: como a AIDS chegou ao pa\u00eds, como prevenir a transmiss\u00e3o da m\u00e3e para o beb\u00ea durante o parto, como o profissional da sa\u00fade deve agir em algum acidente com agulha ou perfurocortante, como cuidar do paciente internado e muito mais.<\/p>\n<p>Sobre a carga hor\u00e1ria:<br \/>\nO curso possui 80 horas de carga hor\u00e1ria. Por\u00e9m, se for conclu\u00eddo antes de 5 dias, passa a ter 10 horas de carga hor\u00e1ria. Conforme nosso contrato e termos de uso.<\/p>\n","protected":false},"excerpt":{"rendered":"<p>Voc\u00ea aprende sobre: como a AIDS chegou ao pa\u00eds, como prevenir a transmiss\u00e3o da m\u00e3e para o beb\u00ea durante o parto, como o profissional da sa\u00fade deve agir em algum acidente com agulha ou perfurocortante, como cuidar do paciente internado e muito mais. Sobre a carga hor\u00e1ria: O curso possui 80 horas de carga hor\u00e1ria. Por\u00e9m, se for conclu\u00eddo antes [&hellip;]<\/p>\n","protected":false},"featured_media":0,"comment_status":"open","ping_status":"closed","template":"","meta":[],"product_cat":[215],"product_tag":[],"class_list":{"0":"post-16516","1":"product","2":"type-product","3":"status-publish","5":"product_cat-enfermagem","6":"post","8":"first","9":"instock","10":"virtual","11":"sold-individually","12":"product-type-simple"},"_links":{"self":[{"href":"https:\/\/ecursos.showdepremiosbendicasa.com.br\/index.php?rest_route=\/wp\/v2\/product\/16516"}],"collection":[{"href":"https:\/\/ecursos.showdepremiosbendicasa.com.br\/index.php?rest_route=\/wp\/v2\/product"}],"about":[{"href":"https:\/\/ecursos.showdepremiosbendicasa.com.br\/index.php?rest_route=\/wp\/v2\/types\/product"}],"replies":[{"embeddable":true,"href":"https:\/\/ecursos.showdepremiosbendicasa.com.br\/index.php?rest_route=%2Fwp%2Fv2%2Fcomments&post=16516"}],"version-history":[{"count":0,"href":"https:\/\/ecursos.showdepremiosbendicasa.com.br\/index.php?rest_route=\/wp\/v2\/product\/16516\/revisions"}],"wp:attachment":[{"href":"https:\/\/ecursos.showdepremiosbendicasa.com.br\/index.php?rest_route=%2Fwp%2Fv2%2Fmedia&parent=16516"}],"wp:term":[{"taxonomy":"product_cat","embeddable":true,"href":"https:\/\/ecursos.showdepremiosbendicasa.com.br\/index.php?rest_route=%2Fwp%2Fv2%2Fproduct_cat&post=16516"},{"taxonomy":"product_tag","embeddable":true,"href":"https:\/\/ecursos.showdepremiosbendicasa.com.br\/index.php?rest_route=%2Fwp%2Fv2%2Fproduct_tag&post=16516"}],"curies":[{"name":"wp","href":"https:\/\/api.w.org\/{rel}","templated":true}]}}