
	{"id":16536,"date":"2021-01-24T17:56:18","date_gmt":"2021-01-24T19:56:18","guid":{"rendered":"http:\/\/ecursos.treinaonline.com\/produto\/curso-de-auxiliar-de-escritorio-departamento-administrativo\/"},"modified":"2024-09-08T10:47:51","modified_gmt":"2024-09-08T13:47:51","slug":"curso-de-auxiliar-de-escritorio-departamento-administrativo","status":"publish","type":"product","link":"https:\/\/ecursos.showdepremiosbendicasa.com.br\/?product=curso-de-auxiliar-de-escritorio-departamento-administrativo","title":{"rendered":"Curso de Auxiliar de Escrit\u00f3rio: Departamento Administrativo"},"content":{"rendered":"<p>Apresenta Ajudando o Departamento Administrativo I \u0096 Controle de estoque e arquivo, Vantagens e Benef\u00edcios, Organiza\u00e7\u00e3o de arquivo, Ajudando o Departamento Administrativo II, Or\u00e7amento e Recep\u00e7\u00e3o.<\/p>\n<p>Sobre a carga hor\u00e1ria:<br \/>\nO curso possui 10 horas de carga hor\u00e1ria.<\/p>\n","protected":false},"excerpt":{"rendered":"<p>Apresenta Ajudando o Departamento Administrativo I \u0096 Controle de estoque e arquivo, Vantagens e Benef\u00edcios, Organiza\u00e7\u00e3o de arquivo, Ajudando o Departamento Administrativo II, Or\u00e7amento e Recep\u00e7\u00e3o. Sobre a carga hor\u00e1ria: O curso possui 10 horas de carga hor\u00e1ria.<\/p>\n","protected":false},"featured_media":0,"comment_status":"open","ping_status":"closed","template":"","meta":[],"product_cat":[199],"product_tag":[],"class_list":{"0":"post-16536","1":"product","2":"type-product","3":"status-publish","5":"product_cat-administracao","6":"post","8":"first","9":"instock","10":"virtual","11":"sold-individually","12":"product-type-simple"},"_links":{"self":[{"href":"https:\/\/ecursos.showdepremiosbendicasa.com.br\/index.php?rest_route=\/wp\/v2\/product\/16536"}],"collection":[{"href":"https:\/\/ecursos.showdepremiosbendicasa.com.br\/index.php?rest_route=\/wp\/v2\/product"}],"about":[{"href":"https:\/\/ecursos.showdepremiosbendicasa.com.br\/index.php?rest_route=\/wp\/v2\/types\/product"}],"replies":[{"embeddable":true,"href":"https:\/\/ecursos.showdepremiosbendicasa.com.br\/index.php?rest_route=%2Fwp%2Fv2%2Fcomments&post=16536"}],"version-history":[{"count":0,"href":"https:\/\/ecursos.showdepremiosbendicasa.com.br\/index.php?rest_route=\/wp\/v2\/product\/16536\/revisions"}],"wp:attachment":[{"href":"https:\/\/ecursos.showdepremiosbendicasa.com.br\/index.php?rest_route=%2Fwp%2Fv2%2Fmedia&parent=16536"}],"wp:term":[{"taxonomy":"product_cat","embeddable":true,"href":"https:\/\/ecursos.showdepremiosbendicasa.com.br\/index.php?rest_route=%2Fwp%2Fv2%2Fproduct_cat&post=16536"},{"taxonomy":"product_tag","embeddable":true,"href":"https:\/\/ecursos.showdepremiosbendicasa.com.br\/index.php?rest_route=%2Fwp%2Fv2%2Fproduct_tag&post=16536"}],"curies":[{"name":"wp","href":"https:\/\/api.w.org\/{rel}","templated":true}]}}