
	{"id":16676,"date":"2021-01-24T17:59:10","date_gmt":"2021-01-24T19:59:10","guid":{"rendered":"http:\/\/ecursos.treinaonline.com\/produto\/curso-de-confeitaria-basica\/"},"modified":"2021-01-24T17:59:10","modified_gmt":"2021-01-24T19:59:10","slug":"curso-de-confeitaria-basica","status":"publish","type":"product","link":"https:\/\/ecursos.showdepremiosbendicasa.com.br\/?product=curso-de-confeitaria-basica","title":{"rendered":"Curso de Confeitaria B\u00e1sica"},"content":{"rendered":"<p>Ensina de forma correta as t\u00e9cnicas mais simples que dar\u00e3o a base para fazer diversas receitas deliciosas, j\u00e1 que diversas receitas de hoje em dia s\u00e3o adapta\u00e7\u00f5es modernas de receitas antigas, voc\u00ea aprender\u00e1 a fazer receitas como: creme de confeiteiro, creme ingl\u00eas, massa bise, massa folhada e muito mais.<\/p>\n<p>Sobre a carga hor\u00e1ria:<br \/>\nO curso possui 80 horas de carga hor\u00e1ria. Por\u00e9m, se for conclu\u00eddo antes de 5 dias, passa a ter 10 horas de carga hor\u00e1ria. Conforme nosso contrato e termos de uso.<\/p>\n","protected":false},"excerpt":{"rendered":"<p>Ensina de forma correta as t\u00e9cnicas mais simples que dar\u00e3o a base para fazer diversas receitas deliciosas, j\u00e1 que diversas receitas de hoje em dia s\u00e3o adapta\u00e7\u00f5es modernas de receitas antigas, voc\u00ea aprender\u00e1 a fazer receitas como: creme de confeiteiro, creme ingl\u00eas, massa bise, massa folhada e muito mais. Sobre a carga hor\u00e1ria: O curso possui 80 horas de carga [&hellip;]<\/p>\n","protected":false},"featured_media":0,"comment_status":"open","ping_status":"closed","template":"","meta":[],"product_cat":[212],"product_tag":[],"class_list":{"0":"post-16676","1":"product","2":"type-product","3":"status-publish","5":"product_cat-doces-e-confeitaria","6":"post","8":"first","9":"instock","10":"virtual","11":"sold-individually","12":"product-type-simple"},"_links":{"self":[{"href":"https:\/\/ecursos.showdepremiosbendicasa.com.br\/index.php?rest_route=\/wp\/v2\/product\/16676"}],"collection":[{"href":"https:\/\/ecursos.showdepremiosbendicasa.com.br\/index.php?rest_route=\/wp\/v2\/product"}],"about":[{"href":"https:\/\/ecursos.showdepremiosbendicasa.com.br\/index.php?rest_route=\/wp\/v2\/types\/product"}],"replies":[{"embeddable":true,"href":"https:\/\/ecursos.showdepremiosbendicasa.com.br\/index.php?rest_route=%2Fwp%2Fv2%2Fcomments&post=16676"}],"version-history":[{"count":0,"href":"https:\/\/ecursos.showdepremiosbendicasa.com.br\/index.php?rest_route=\/wp\/v2\/product\/16676\/revisions"}],"wp:attachment":[{"href":"https:\/\/ecursos.showdepremiosbendicasa.com.br\/index.php?rest_route=%2Fwp%2Fv2%2Fmedia&parent=16676"}],"wp:term":[{"taxonomy":"product_cat","embeddable":true,"href":"https:\/\/ecursos.showdepremiosbendicasa.com.br\/index.php?rest_route=%2Fwp%2Fv2%2Fproduct_cat&post=16676"},{"taxonomy":"product_tag","embeddable":true,"href":"https:\/\/ecursos.showdepremiosbendicasa.com.br\/index.php?rest_route=%2Fwp%2Fv2%2Fproduct_tag&post=16676"}],"curies":[{"name":"wp","href":"https:\/\/api.w.org\/{rel}","templated":true}]}}