
	{"id":16701,"date":"2021-01-24T17:59:43","date_gmt":"2021-01-24T19:59:43","guid":{"rendered":"http:\/\/ecursos.treinaonline.com\/produto\/curso-de-cortes-e-penteados-infantis\/"},"modified":"2021-01-24T17:59:43","modified_gmt":"2021-01-24T19:59:43","slug":"curso-de-cortes-e-penteados-infantis","status":"publish","type":"product","link":"https:\/\/ecursos.showdepremiosbendicasa.com.br\/?product=curso-de-cortes-e-penteados-infantis","title":{"rendered":"Curso de Cortes e Penteados Infantis"},"content":{"rendered":"<p>? Ideal para quem quer ingressar na \u00e1rea da beleza. Com ele, voc\u00ea ficar\u00e1 capacitado a fazer cortes chanel, reto, em camadas, com m\u00e1quinas, entre outros; voc\u00ea aprender\u00e1 a trabalhar com diferentes tipos de cabelos e a driblar os principais desafios na pr\u00e1tica dos cortes infantis. Al\u00e9m disso, com o curso, voc\u00ea descobrir\u00e1 novos penteados formais e informais.<\/p>\n<p>Sobre a carga hor\u00e1ria:<br \/>\nO curso possui 80 horas de carga hor\u00e1ria. Por\u00e9m, se for conclu\u00eddo antes de 5 dias, passa a ter 10 horas de carga hor\u00e1ria. Conforme nosso contrato e termos de uso.<\/p>\n","protected":false},"excerpt":{"rendered":"<p>? Ideal para quem quer ingressar na \u00e1rea da beleza. Com ele, voc\u00ea ficar\u00e1 capacitado a fazer cortes chanel, reto, em camadas, com m\u00e1quinas, entre outros; voc\u00ea aprender\u00e1 a trabalhar com diferentes tipos de cabelos e a driblar os principais desafios na pr\u00e1tica dos cortes infantis. Al\u00e9m disso, com o curso, voc\u00ea descobrir\u00e1 novos penteados formais e informais. Sobre a [&hellip;]<\/p>\n","protected":false},"featured_media":0,"comment_status":"open","ping_status":"closed","template":"","meta":[],"product_cat":[217],"product_tag":[],"class_list":{"0":"post-16701","1":"product","2":"type-product","3":"status-publish","5":"product_cat-estetica-e-beleza","6":"post","8":"first","9":"instock","10":"virtual","11":"sold-individually","12":"product-type-simple"},"_links":{"self":[{"href":"https:\/\/ecursos.showdepremiosbendicasa.com.br\/index.php?rest_route=\/wp\/v2\/product\/16701"}],"collection":[{"href":"https:\/\/ecursos.showdepremiosbendicasa.com.br\/index.php?rest_route=\/wp\/v2\/product"}],"about":[{"href":"https:\/\/ecursos.showdepremiosbendicasa.com.br\/index.php?rest_route=\/wp\/v2\/types\/product"}],"replies":[{"embeddable":true,"href":"https:\/\/ecursos.showdepremiosbendicasa.com.br\/index.php?rest_route=%2Fwp%2Fv2%2Fcomments&post=16701"}],"version-history":[{"count":0,"href":"https:\/\/ecursos.showdepremiosbendicasa.com.br\/index.php?rest_route=\/wp\/v2\/product\/16701\/revisions"}],"wp:attachment":[{"href":"https:\/\/ecursos.showdepremiosbendicasa.com.br\/index.php?rest_route=%2Fwp%2Fv2%2Fmedia&parent=16701"}],"wp:term":[{"taxonomy":"product_cat","embeddable":true,"href":"https:\/\/ecursos.showdepremiosbendicasa.com.br\/index.php?rest_route=%2Fwp%2Fv2%2Fproduct_cat&post=16701"},{"taxonomy":"product_tag","embeddable":true,"href":"https:\/\/ecursos.showdepremiosbendicasa.com.br\/index.php?rest_route=%2Fwp%2Fv2%2Fproduct_tag&post=16701"}],"curies":[{"name":"wp","href":"https:\/\/api.w.org\/{rel}","templated":true}]}}