
	{"id":16962,"date":"2021-01-24T18:05:00","date_gmt":"2021-01-24T20:05:00","guid":{"rendered":"http:\/\/ecursos.treinaonline.com\/produto\/curso-de-gestao-publica\/"},"modified":"2021-01-24T18:05:00","modified_gmt":"2021-01-24T20:05:00","slug":"curso-de-gestao-publica","status":"publish","type":"product","link":"https:\/\/ecursos.showdepremiosbendicasa.com.br\/?product=curso-de-gestao-publica","title":{"rendered":"Curso de Gest\u00e3o P\u00fablica"},"content":{"rendered":"<p>Apresenta sobre a diferen\u00e7a entre gest\u00e3o p\u00fablica e gest\u00e3o privada. Mostrar o que \u00e9 uma organiza\u00e7\u00e3o p\u00fablica e privada do terceiro setor, al\u00e9m de explicar a Lei da Responsabilidade Fiscal, receita e despesa p\u00fablica e planejamento estrat\u00e9gico da gest\u00e3o.<\/p>\n<p>Sobre a carga hor\u00e1ria:<br \/>\nO curso possui 80 horas de carga hor\u00e1ria. Por\u00e9m, se for conclu\u00eddo antes de 5 dias, passa a ter 10 horas de carga hor\u00e1ria. Conforme nosso contrato e termos de uso.<\/p>\n","protected":false},"excerpt":{"rendered":"<p>Apresenta sobre a diferen\u00e7a entre gest\u00e3o p\u00fablica e gest\u00e3o privada. Mostrar o que \u00e9 uma organiza\u00e7\u00e3o p\u00fablica e privada do terceiro setor, al\u00e9m de explicar a Lei da Responsabilidade Fiscal, receita e despesa p\u00fablica e planejamento estrat\u00e9gico da gest\u00e3o. Sobre a carga hor\u00e1ria: O curso possui 80 horas de carga hor\u00e1ria. Por\u00e9m, se for conclu\u00eddo antes de 5 dias, passa [&hellip;]<\/p>\n","protected":false},"featured_media":0,"comment_status":"open","ping_status":"closed","template":"","meta":[],"product_cat":[199],"product_tag":[],"class_list":{"0":"post-16962","1":"product","2":"type-product","3":"status-publish","5":"product_cat-administracao","6":"post","8":"first","9":"instock","10":"virtual","11":"sold-individually","12":"product-type-simple"},"_links":{"self":[{"href":"https:\/\/ecursos.showdepremiosbendicasa.com.br\/index.php?rest_route=\/wp\/v2\/product\/16962"}],"collection":[{"href":"https:\/\/ecursos.showdepremiosbendicasa.com.br\/index.php?rest_route=\/wp\/v2\/product"}],"about":[{"href":"https:\/\/ecursos.showdepremiosbendicasa.com.br\/index.php?rest_route=\/wp\/v2\/types\/product"}],"replies":[{"embeddable":true,"href":"https:\/\/ecursos.showdepremiosbendicasa.com.br\/index.php?rest_route=%2Fwp%2Fv2%2Fcomments&post=16962"}],"version-history":[{"count":0,"href":"https:\/\/ecursos.showdepremiosbendicasa.com.br\/index.php?rest_route=\/wp\/v2\/product\/16962\/revisions"}],"wp:attachment":[{"href":"https:\/\/ecursos.showdepremiosbendicasa.com.br\/index.php?rest_route=%2Fwp%2Fv2%2Fmedia&parent=16962"}],"wp:term":[{"taxonomy":"product_cat","embeddable":true,"href":"https:\/\/ecursos.showdepremiosbendicasa.com.br\/index.php?rest_route=%2Fwp%2Fv2%2Fproduct_cat&post=16962"},{"taxonomy":"product_tag","embeddable":true,"href":"https:\/\/ecursos.showdepremiosbendicasa.com.br\/index.php?rest_route=%2Fwp%2Fv2%2Fproduct_tag&post=16962"}],"curies":[{"name":"wp","href":"https:\/\/api.w.org\/{rel}","templated":true}]}}