
	{"id":17360,"date":"2021-01-24T18:13:09","date_gmt":"2021-01-24T20:13:09","guid":{"rendered":"http:\/\/ecursos.treinaonline.com\/produto\/curso-de-pos-producao-com-after-effects-cc\/"},"modified":"2021-01-24T18:13:09","modified_gmt":"2021-01-24T20:13:09","slug":"curso-de-pos-producao-com-after-effects-cc","status":"publish","type":"product","link":"https:\/\/ecursos.showdepremiosbendicasa.com.br\/?product=curso-de-pos-producao-com-after-effects-cc","title":{"rendered":"Curso de P\u00f3s Produ\u00e7\u00e3o com After Effects CC"},"content":{"rendered":"<p>Explica todos as fun\u00e7\u00f5es e recursos do after effects CC, al\u00e9m de criar anima\u00e7\u00f5es em 3D e muitos efeitos de p\u00f3s produ\u00e7\u00e3o utilizando somente esse software. Aqui voc\u00ea vai aprender as principais ferramentas e fun\u00e7\u00f5es desse software, desde a importa\u00e7\u00e3o dos arquivos e os componentes da \u00e1rea de trabalho do after effects, at\u00e9 os conceitos de anima\u00e7\u00e3o que podem ser feitos, como a rota\u00e7\u00e3o dos objetos, a opacidade deles, alinhamento, a suaviza\u00e7\u00e3o das anima\u00e7\u00f5es, os cortes de v\u00eddeo, o trabalho com \u00e1udio e a ainda a cria\u00e7\u00e3o dos objetos em 3D.<\/p>\n<p>Sobre a carga hor\u00e1ria:<br \/>\nO curso possui 80 horas de carga hor\u00e1ria. Por\u00e9m, se for conclu\u00eddo antes de 5 dias, passa a ter 10 horas de carga hor\u00e1ria. Conforme nosso contrato e termos de uso.<\/p>\n","protected":false},"excerpt":{"rendered":"<p>Explica todos as fun\u00e7\u00f5es e recursos do after effects CC, al\u00e9m de criar anima\u00e7\u00f5es em 3D e muitos efeitos de p\u00f3s produ\u00e7\u00e3o utilizando somente esse software. Aqui voc\u00ea vai aprender as principais ferramentas e fun\u00e7\u00f5es desse software, desde a importa\u00e7\u00e3o dos arquivos e os componentes da \u00e1rea de trabalho do after effects, at\u00e9 os conceitos de anima\u00e7\u00e3o que podem ser [&hellip;]<\/p>\n","protected":false},"featured_media":0,"comment_status":"open","ping_status":"closed","template":"","meta":[],"product_cat":[198],"product_tag":[],"class_list":{"0":"post-17360","1":"product","2":"type-product","3":"status-publish","5":"product_cat-3d-e-games","6":"post","8":"first","9":"instock","10":"virtual","11":"sold-individually","12":"product-type-simple"},"_links":{"self":[{"href":"https:\/\/ecursos.showdepremiosbendicasa.com.br\/index.php?rest_route=\/wp\/v2\/product\/17360"}],"collection":[{"href":"https:\/\/ecursos.showdepremiosbendicasa.com.br\/index.php?rest_route=\/wp\/v2\/product"}],"about":[{"href":"https:\/\/ecursos.showdepremiosbendicasa.com.br\/index.php?rest_route=\/wp\/v2\/types\/product"}],"replies":[{"embeddable":true,"href":"https:\/\/ecursos.showdepremiosbendicasa.com.br\/index.php?rest_route=%2Fwp%2Fv2%2Fcomments&post=17360"}],"version-history":[{"count":0,"href":"https:\/\/ecursos.showdepremiosbendicasa.com.br\/index.php?rest_route=\/wp\/v2\/product\/17360\/revisions"}],"wp:attachment":[{"href":"https:\/\/ecursos.showdepremiosbendicasa.com.br\/index.php?rest_route=%2Fwp%2Fv2%2Fmedia&parent=17360"}],"wp:term":[{"taxonomy":"product_cat","embeddable":true,"href":"https:\/\/ecursos.showdepremiosbendicasa.com.br\/index.php?rest_route=%2Fwp%2Fv2%2Fproduct_cat&post=17360"},{"taxonomy":"product_tag","embeddable":true,"href":"https:\/\/ecursos.showdepremiosbendicasa.com.br\/index.php?rest_route=%2Fwp%2Fv2%2Fproduct_tag&post=17360"}],"curies":[{"name":"wp","href":"https:\/\/api.w.org\/{rel}","templated":true}]}}