
	{"id":86583,"date":"2024-09-04T16:14:48","date_gmt":"2024-09-04T19:14:48","guid":{"rendered":"https:\/\/ecursostreinaonline.com.br\/produto\/curso-de-aromaterapia\/"},"modified":"2024-09-04T16:14:48","modified_gmt":"2024-09-04T19:14:48","slug":"curso-de-aromaterapia","status":"publish","type":"product","link":"https:\/\/ecursos.showdepremiosbendicasa.com.br\/?product=curso-de-aromaterapia","title":{"rendered":"Curso de Aromaterapia"},"content":{"rendered":"<p>Voc\u00ea conhecer\u00e1 as caracter\u00edsticas dos \u00f3leos essenciais e da aromaterapia, entender\u00e1 como criar, na pr\u00e1tica, blends, sinergias e aromatizadores de ambiente, bem como aprender\u00e1 a incorporar os \u00f3leos essenciais nas pr\u00e1ticas de massagem, de acupuntura e muito mais. Aproveitamos para indicar tamb\u00e9m: Curso de Est\u00e9tica Corporal: Massagem Relaxante e Modeladora,.<\/p>\n<p>Sobre a carga hor\u00e1ria:<br \/>\nO curso possui 80 horas de carga hor\u00e1ria. Por\u00e9m, se for conclu\u00eddo antes de 5 dias, passa a ter 10 horas de carga hor\u00e1ria. Conforme nosso contrato e termos de uso.<\/p>\n","protected":false},"excerpt":{"rendered":"<p>Voc\u00ea conhecer\u00e1 as caracter\u00edsticas dos \u00f3leos essenciais e da aromaterapia, entender\u00e1 como criar, na pr\u00e1tica, blends, sinergias e aromatizadores de ambiente, bem como aprender\u00e1 a incorporar os \u00f3leos essenciais nas pr\u00e1ticas de massagem, de acupuntura e muito mais. Aproveitamos para indicar tamb\u00e9m: Curso de Est\u00e9tica Corporal: Massagem Relaxante e Modeladora,. Sobre a carga hor\u00e1ria: O curso possui 80 horas de [&hellip;]<\/p>\n","protected":false},"featured_media":0,"comment_status":"open","ping_status":"closed","template":"","meta":[],"product_cat":[229],"product_tag":[],"class_list":{"0":"post-86583","1":"product","2":"type-product","3":"status-publish","5":"product_cat-medicina-alternativa","6":"post","8":"first","9":"instock","10":"virtual","11":"sold-individually","12":"product-type-simple"},"_links":{"self":[{"href":"https:\/\/ecursos.showdepremiosbendicasa.com.br\/index.php?rest_route=\/wp\/v2\/product\/86583"}],"collection":[{"href":"https:\/\/ecursos.showdepremiosbendicasa.com.br\/index.php?rest_route=\/wp\/v2\/product"}],"about":[{"href":"https:\/\/ecursos.showdepremiosbendicasa.com.br\/index.php?rest_route=\/wp\/v2\/types\/product"}],"replies":[{"embeddable":true,"href":"https:\/\/ecursos.showdepremiosbendicasa.com.br\/index.php?rest_route=%2Fwp%2Fv2%2Fcomments&post=86583"}],"version-history":[{"count":0,"href":"https:\/\/ecursos.showdepremiosbendicasa.com.br\/index.php?rest_route=\/wp\/v2\/product\/86583\/revisions"}],"wp:attachment":[{"href":"https:\/\/ecursos.showdepremiosbendicasa.com.br\/index.php?rest_route=%2Fwp%2Fv2%2Fmedia&parent=86583"}],"wp:term":[{"taxonomy":"product_cat","embeddable":true,"href":"https:\/\/ecursos.showdepremiosbendicasa.com.br\/index.php?rest_route=%2Fwp%2Fv2%2Fproduct_cat&post=86583"},{"taxonomy":"product_tag","embeddable":true,"href":"https:\/\/ecursos.showdepremiosbendicasa.com.br\/index.php?rest_route=%2Fwp%2Fv2%2Fproduct_tag&post=86583"}],"curies":[{"name":"wp","href":"https:\/\/api.w.org\/{rel}","templated":true}]}}