
	{"id":86650,"date":"2024-09-04T16:16:04","date_gmt":"2024-09-04T19:16:04","guid":{"rendered":"https:\/\/ecursostreinaonline.com.br\/produto\/curso-de-lean-six-sigma\/"},"modified":"2024-09-04T16:16:04","modified_gmt":"2024-09-04T19:16:04","slug":"curso-de-lean-six-sigma","status":"publish","type":"product","link":"https:\/\/ecursos.showdepremiosbendicasa.com.br\/?product=curso-de-lean-six-sigma","title":{"rendered":"Curso de Lean Six Sigma"},"content":{"rendered":"<p>Voc\u00ea conhecer\u00e1 o conceito de Lean Manufacturing, Lean Thinking, objetivos do Six Sigma, Lei de Little, Black Belt, Green Belt, DMAIC, M\u00e9todo Kaizen, Kanban, 5S, gest\u00e3o visual e muito mais. Gostou desse curso? Ent\u00e3o veja tamb\u00e9m o Curso de Introdu\u00e7\u00e3o \u00e0 Seguran\u00e7a do Trabalho,, Introdu\u00e7\u00e3o ao Secretariado Executivo, e Secretariado Executivo na Pr\u00e1tica,.<\/p>\n<p>Sobre a carga hor\u00e1ria:<br \/>\nO curso possui 80 horas de carga hor\u00e1ria. Por\u00e9m, se for conclu\u00eddo antes de 5 dias, passa a ter 10 horas de carga hor\u00e1ria. Conforme nosso contrato e termos de uso.<\/p>\n","protected":false},"excerpt":{"rendered":"<p>Voc\u00ea conhecer\u00e1 o conceito de Lean Manufacturing, Lean Thinking, objetivos do Six Sigma, Lei de Little, Black Belt, Green Belt, DMAIC, M\u00e9todo Kaizen, Kanban, 5S, gest\u00e3o visual e muito mais. Gostou desse curso? Ent\u00e3o veja tamb\u00e9m o Curso de Introdu\u00e7\u00e3o \u00e0 Seguran\u00e7a do Trabalho,, Introdu\u00e7\u00e3o ao Secretariado Executivo, e Secretariado Executivo na Pr\u00e1tica,. Sobre a carga hor\u00e1ria: O curso possui [&hellip;]<\/p>\n","protected":false},"featured_media":0,"comment_status":"open","ping_status":"closed","template":"","meta":[],"product_cat":[199],"product_tag":[],"class_list":{"0":"post-86650","1":"product","2":"type-product","3":"status-publish","5":"product_cat-administracao","6":"post","8":"first","9":"instock","10":"virtual","11":"sold-individually","12":"product-type-simple"},"_links":{"self":[{"href":"https:\/\/ecursos.showdepremiosbendicasa.com.br\/index.php?rest_route=\/wp\/v2\/product\/86650"}],"collection":[{"href":"https:\/\/ecursos.showdepremiosbendicasa.com.br\/index.php?rest_route=\/wp\/v2\/product"}],"about":[{"href":"https:\/\/ecursos.showdepremiosbendicasa.com.br\/index.php?rest_route=\/wp\/v2\/types\/product"}],"replies":[{"embeddable":true,"href":"https:\/\/ecursos.showdepremiosbendicasa.com.br\/index.php?rest_route=%2Fwp%2Fv2%2Fcomments&post=86650"}],"version-history":[{"count":0,"href":"https:\/\/ecursos.showdepremiosbendicasa.com.br\/index.php?rest_route=\/wp\/v2\/product\/86650\/revisions"}],"wp:attachment":[{"href":"https:\/\/ecursos.showdepremiosbendicasa.com.br\/index.php?rest_route=%2Fwp%2Fv2%2Fmedia&parent=86650"}],"wp:term":[{"taxonomy":"product_cat","embeddable":true,"href":"https:\/\/ecursos.showdepremiosbendicasa.com.br\/index.php?rest_route=%2Fwp%2Fv2%2Fproduct_cat&post=86650"},{"taxonomy":"product_tag","embeddable":true,"href":"https:\/\/ecursos.showdepremiosbendicasa.com.br\/index.php?rest_route=%2Fwp%2Fv2%2Fproduct_tag&post=86650"}],"curies":[{"name":"wp","href":"https:\/\/api.w.org\/{rel}","templated":true}]}}