
	{"id":86667,"date":"2024-09-04T16:16:14","date_gmt":"2024-09-04T19:16:14","guid":{"rendered":"https:\/\/ecursostreinaonline.com.br\/produto\/curso-de-mindfulness\/"},"modified":"2024-09-04T16:16:14","modified_gmt":"2024-09-04T19:16:14","slug":"curso-de-mindfulness","status":"publish","type":"product","link":"https:\/\/ecursos.showdepremiosbendicasa.com.br\/?product=curso-de-mindfulness","title":{"rendered":"Curso de Mindfulness"},"content":{"rendered":"<p>Voc\u00ea vai aprender sobre a ci\u00eancia de mindfulness, pr\u00e1tica meditativa, regula\u00e7\u00e3o atencional e emocional, escaneamento corporal, como lidar com mitos e obst\u00e1culos, sons e pensamentos, tipos de escuta, as bases para felicidade e muito mais. Quem viu esse curso tamb\u00e9m gostou do Curso de Comunica\u00e7\u00e3o Assertiva,, Construindo o Sucesso Atrav\u00e9s da Imagem, e Rela\u00e7\u00f5es Interpessoais no Trabalho na Pr\u00e1tica,.<\/p>\n<p>Sobre a carga hor\u00e1ria:<br \/>\nO curso possui 80 horas de carga hor\u00e1ria. Por\u00e9m, se for conclu\u00eddo antes de 5 dias, passa a ter 10 horas de carga hor\u00e1ria. Conforme nosso contrato e termos de uso.<\/p>\n","protected":false},"excerpt":{"rendered":"<p>Voc\u00ea vai aprender sobre a ci\u00eancia de mindfulness, pr\u00e1tica meditativa, regula\u00e7\u00e3o atencional e emocional, escaneamento corporal, como lidar com mitos e obst\u00e1culos, sons e pensamentos, tipos de escuta, as bases para felicidade e muito mais. Quem viu esse curso tamb\u00e9m gostou do Curso de Comunica\u00e7\u00e3o Assertiva,, Construindo o Sucesso Atrav\u00e9s da Imagem, e Rela\u00e7\u00f5es Interpessoais no Trabalho na Pr\u00e1tica,. Sobre [&hellip;]<\/p>\n","protected":false},"featured_media":0,"comment_status":"open","ping_status":"closed","template":"","meta":[],"product_cat":[234],"product_tag":[],"class_list":{"0":"post-86667","1":"product","2":"type-product","3":"status-publish","5":"product_cat-psicologia","6":"post","8":"first","9":"instock","10":"virtual","11":"sold-individually","12":"product-type-simple"},"_links":{"self":[{"href":"https:\/\/ecursos.showdepremiosbendicasa.com.br\/index.php?rest_route=\/wp\/v2\/product\/86667"}],"collection":[{"href":"https:\/\/ecursos.showdepremiosbendicasa.com.br\/index.php?rest_route=\/wp\/v2\/product"}],"about":[{"href":"https:\/\/ecursos.showdepremiosbendicasa.com.br\/index.php?rest_route=\/wp\/v2\/types\/product"}],"replies":[{"embeddable":true,"href":"https:\/\/ecursos.showdepremiosbendicasa.com.br\/index.php?rest_route=%2Fwp%2Fv2%2Fcomments&post=86667"}],"version-history":[{"count":0,"href":"https:\/\/ecursos.showdepremiosbendicasa.com.br\/index.php?rest_route=\/wp\/v2\/product\/86667\/revisions"}],"wp:attachment":[{"href":"https:\/\/ecursos.showdepremiosbendicasa.com.br\/index.php?rest_route=%2Fwp%2Fv2%2Fmedia&parent=86667"}],"wp:term":[{"taxonomy":"product_cat","embeddable":true,"href":"https:\/\/ecursos.showdepremiosbendicasa.com.br\/index.php?rest_route=%2Fwp%2Fv2%2Fproduct_cat&post=86667"},{"taxonomy":"product_tag","embeddable":true,"href":"https:\/\/ecursos.showdepremiosbendicasa.com.br\/index.php?rest_route=%2Fwp%2Fv2%2Fproduct_tag&post=86667"}],"curies":[{"name":"wp","href":"https:\/\/api.w.org\/{rel}","templated":true}]}}